{"id":2564,"date":"2025-11-01T12:58:42","date_gmt":"2025-11-01T11:58:42","guid":{"rendered":"https:\/\/beaverscrown.de\/?post_type=product&#038;p=2564"},"modified":"2025-11-03T19:07:33","modified_gmt":"2025-11-03T18:07:33","slug":"beavers-crown-gin-mit-rt75-coin-round-table-edition","status":"publish","type":"product","link":"https:\/\/beaverscrown.de\/index.php\/product\/beavers-crown-gin-mit-rt75-coin-round-table-edition\/","title":{"rendered":"Beaver&#8217;s Crown Gin mit RT75-Coin\u2013 Round-Table-Edition"},"content":{"rendered":"<p>Beaver&#8217;s Crown Gin besticht neben seinem klassischen Wacholderaroma durch frische Zitrusnoten sowie Nuancen von Kr\u00e4utern und Gew\u00fcrzen. Sein Abgang wird durch eine leichte, blumige Rosennote abgerundet. Im Glas harmoniert der Gin sehr gut mit frischen Himbeeren.<\/p>\n<p>Die Illustration und die grafische Gestaltung erfolgte in Zusammenarbeit mit dem Biberacher K\u00fcnstler Daschu. Bei diesem Bundle ist unser wundersch\u00f6ner RT75 Biberach Coin beinhaltet.<\/p>\n<p>Bei Round Table glauben wir daran, dass wir die Gesellschaft durch unseren pers\u00f6nlichen Einsatz positiv ver\u00e4ndern k\u00f6nnen. Deshalb spenden wir den gesamten Ertrag aus dem Verkauf dieses Gins ausschlie\u00dflich an gemeinn\u00fctzige Projekte vorrangig im Landkreis Biberach.<\/p>\n<p>Beaver&#8217;s Crown Gin, 44,7 % vol, 500 ml, Batch 2 \u2013 1000\/2021<\/p>\n","protected":false},"excerpt":{"rendered":"<h6>(67,50<span class=\"price\">\u00a0\u20ac<\/span> \/ 1 Liter)<\/h6>\n<p>Beaver\u2019s Crown Gin besticht neben seinem klassischen Wacholderaroma durch frische Zitrusnoten sowie Nuancen von Kr\u00e4utern und Gew\u00fcrzen. Sein Abgang wird durch eine leichte, blumige Rosennote abgerundet. Im Glas harmoniert der Gin sehr gut mit frischen Himbeeren.<\/p>\n<p>Bei diesem Bundle ist ein wundersch\u00f6ner Coin vom Biberacher Round Table mit enthalten.<\/p>\n<p>Bei Round Table glauben wir daran, dass wir die Gesellschaft durch unseren pers\u00f6nlichen Einsatz positiv ver\u00e4ndern k\u00f6nnen. Deshalb spenden wir den gesamten Ertrag aus dem Verkauf dieses Gins ausschlie\u00dflich an gemeinn\u00fctzige Projekte vorrangig im Landkreis Biberach.<\/p>\n","protected":false},"featured_media":2569,"comment_status":"open","ping_status":"closed","template":"","meta":[],"product_brand":[],"product_cat":[16],"product_tag":[],"class_list":{"0":"post-2564","1":"product","2":"type-product","3":"status-publish","4":"has-post-thumbnail","6":"product_cat-gin","8":"first","9":"instock","10":"taxable","11":"shipping-taxable","12":"purchasable","13":"product-type-variable"},"jetpack_sharing_enabled":true,"_links":{"self":[{"href":"https:\/\/beaverscrown.de\/index.php\/wp-json\/wp\/v2\/product\/2564","targetHints":{"allow":["GET"]}}],"collection":[{"href":"https:\/\/beaverscrown.de\/index.php\/wp-json\/wp\/v2\/product"}],"about":[{"href":"https:\/\/beaverscrown.de\/index.php\/wp-json\/wp\/v2\/types\/product"}],"replies":[{"embeddable":true,"href":"https:\/\/beaverscrown.de\/index.php\/wp-json\/wp\/v2\/comments?post=2564"}],"wp:featuredmedia":[{"embeddable":true,"href":"https:\/\/beaverscrown.de\/index.php\/wp-json\/wp\/v2\/media\/2569"}],"wp:attachment":[{"href":"https:\/\/beaverscrown.de\/index.php\/wp-json\/wp\/v2\/media?parent=2564"}],"wp:term":[{"taxonomy":"product_brand","embeddable":true,"href":"https:\/\/beaverscrown.de\/index.php\/wp-json\/wp\/v2\/product_brand?post=2564"},{"taxonomy":"product_cat","embeddable":true,"href":"https:\/\/beaverscrown.de\/index.php\/wp-json\/wp\/v2\/product_cat?post=2564"},{"taxonomy":"product_tag","embeddable":true,"href":"https:\/\/beaverscrown.de\/index.php\/wp-json\/wp\/v2\/product_tag?post=2564"}],"curies":[{"name":"wp","href":"https:\/\/api.w.org\/{rel}","templated":true}]}}