{"id":2242,"date":"2024-05-14T22:05:46","date_gmt":"2024-05-14T21:05:46","guid":{"rendered":"https:\/\/beaverscrown.de\/?post_type=product&#038;p=2242"},"modified":"2026-03-07T13:02:34","modified_gmt":"2026-03-07T12:02:34","slug":"beavers-crown-gin-schuetzenedition-2024","status":"publish","type":"product","link":"https:\/\/beaverscrown.de\/index.php\/product\/beavers-crown-gin-schuetzenedition-2024\/","title":{"rendered":"Beaver&#8217;s Crown Gin &#8211; Sch\u00fctzenedition 2024"},"content":{"rendered":"<p>Beaver\u2019s Crown \u2013 der perfekte Gin f\u00fcr das Biberacher Sch\u00fctzenfest in unserer limitierten Sonderedition 2024.<\/p>\n<p>Die belebende Frische von Minze vereint sich in dieser limitierten Edition mit der spritzigen Zitrusnote von Limette zu einem unvergleichlich erfrischenden und harmonischen Geschmackserlebnis. Perfekt f\u00fcr sonnige Tage und laue Sch\u00fctzenn\u00e4chte.<\/p>\n<p>Das Design der diesj\u00e4hrigen Sch\u00fctzenedition wurde \u00fcber einen Wettbewerb ausgeschrieben. Aus vielen tollen Einsendungen wurde das Gewinnermotiv ausgew\u00e4hlt. Das Motiv ist ein exzentrischer Mix aus Vergangenheit, Gegenwart und Zukunft. Dieses handgezeichnete Kunstwerk, voller Entdeckungen rund um das Sch\u00fctzenfest, wurde von dem K\u00fcnstler Moritz Bader gestaltet.<\/p>\n<p>Bei Round Table glauben wir daran, dass wir die Gesellschaft durch unseren pers\u00f6nlichen Einsatz positiv ver\u00e4ndern k\u00f6nnen. Deshalb spenden wir den gesamten Ertrag aus dem Verkauf dieses Gins ausschlie\u00dflich an gemeinn\u00fctzige Projekte vorrangig im Landkreis Biberach.<\/p>\n<p>Beaver\u2019s Crown Gin \u2013 Sch\u00fctzenedition 2024, 44,7 % vol, 500 ml, Batch 1-500\/2024<\/p>\n","protected":false},"excerpt":{"rendered":"<h6>(59,50<span class=\"price\">\u00a0\u20ac<\/span> \/ 1 Liter)<\/h6>\n<p>Die belebende Frische von Minze vereint sich in dieser limitierten Edition mit der spritzigen Zitrusnote von Limette zu einem unvergleichlich erfrischenden und harmonischen Geschmackserlebnis. Perfekt f\u00fcr sonnige Tage und laue Sch\u00fctzenn\u00e4chte.<\/p>\n<p>Die Sch\u00fctzenedition 2024 ist ein exzentrischer Mix aus Vergangenheit, Gegenwart und Zukunft. Dieses handgezeichnete Kunstwerk, voller Entdeckungen rund um das Sch\u00fctzenfest, wurde von dem K\u00fcnstler Moritz Bader gestaltet.<\/p>\n<p>&nbsp;<\/p>\n","protected":false},"featured_media":2273,"comment_status":"open","ping_status":"closed","template":"","meta":[],"product_brand":[],"product_cat":[16],"product_tag":[45,47,48,46,44],"class_list":{"0":"post-2242","1":"product","2":"type-product","3":"status-publish","4":"has-post-thumbnail","6":"product_cat-gin","7":"product_tag-45","8":"product_tag-beavers","9":"product_tag-crown","10":"product_tag-gin","11":"product_tag-schuetzenedition","13":"first","14":"outofstock","15":"featured","16":"taxable","17":"shipping-taxable","18":"purchasable","19":"product-type-simple"},"jetpack_sharing_enabled":true,"_links":{"self":[{"href":"https:\/\/beaverscrown.de\/index.php\/wp-json\/wp\/v2\/product\/2242","targetHints":{"allow":["GET"]}}],"collection":[{"href":"https:\/\/beaverscrown.de\/index.php\/wp-json\/wp\/v2\/product"}],"about":[{"href":"https:\/\/beaverscrown.de\/index.php\/wp-json\/wp\/v2\/types\/product"}],"replies":[{"embeddable":true,"href":"https:\/\/beaverscrown.de\/index.php\/wp-json\/wp\/v2\/comments?post=2242"}],"wp:featuredmedia":[{"embeddable":true,"href":"https:\/\/beaverscrown.de\/index.php\/wp-json\/wp\/v2\/media\/2273"}],"wp:attachment":[{"href":"https:\/\/beaverscrown.de\/index.php\/wp-json\/wp\/v2\/media?parent=2242"}],"wp:term":[{"taxonomy":"product_brand","embeddable":true,"href":"https:\/\/beaverscrown.de\/index.php\/wp-json\/wp\/v2\/product_brand?post=2242"},{"taxonomy":"product_cat","embeddable":true,"href":"https:\/\/beaverscrown.de\/index.php\/wp-json\/wp\/v2\/product_cat?post=2242"},{"taxonomy":"product_tag","embeddable":true,"href":"https:\/\/beaverscrown.de\/index.php\/wp-json\/wp\/v2\/product_tag?post=2242"}],"curies":[{"name":"wp","href":"https:\/\/api.w.org\/{rel}","templated":true}]}}