{"id":1618,"date":"2022-03-17T22:51:43","date_gmt":"2022-03-17T21:51:43","guid":{"rendered":"https:\/\/beaverscrown.de\/?post_type=product&#038;p=1618"},"modified":"2025-04-13T12:50:12","modified_gmt":"2025-04-13T11:50:12","slug":"beaverscrown-gin-help-for-ukraine-edition","status":"publish","type":"product","link":"https:\/\/beaverscrown.de\/index.php\/product\/beaverscrown-gin-help-for-ukraine-edition\/","title":{"rendered":"\u0412\u0454\u0430v\u0454\u0433\u2019s \u0421\u0433\u0444\u0449\u0438 Gin &#8211; Help for Ukraine Edition"},"content":{"rendered":"<p>HILFE, DIE ANKOMMT!<\/p>\n<p>F\u00fcr jede verkaufte Flasche spenden wir von Round Table Biberach 30 Euro an den Hilfskonvoi von &#8222;Freunde helfen&#8220;.<br \/>\nAls Teil der Stiftung Round Table Deutschland werden \u00fcber die &#8222;Freunde helfen! Konvoi gGmbH&#8220; bereits seit vielen Jahren Hilfsg\u00fcter und medizinische Ausr\u00fcstung nach Bulgarien, Moldawien, Rum\u00e4nien und in die Ukraine gebracht.<br \/>\nDadurch haben wir ein langj\u00e4hriges und erfahrenes Netzwerk vor Ort, mit dem es uns m\u00f6glich ist, den Menschen in der Ukraine die passende Hilfe \u2013 auch und gerade in der aktuellen Situation \u2013 zukommen zu lassen.<\/p>\n<p>Beaver&#8217;s Crown Gin &#8211; Help for Ukraine Edition 2022, 44,7 % vol, 500 ml<\/p>\n","protected":false},"excerpt":{"rendered":"<h6>(59,50<span class=\"price\">\u00a0\u20ac<\/span> \/ 1 Liter)<\/h6>\n<p>HILFE, DIE ANKOMMT!<\/p>\n<p>F\u00fcr jede verkaufte Flasche spenden wir von Round Table Biberach 30 Euro an den Hilfskonvoi von &#8222;Freunde helfen&#8220;.<br \/>\nAls Teil der Stiftung Round Table Deutschland werden \u00fcber die &#8222;Freunde helfen! Konvoi gGmbH&#8220; bereits seit vielen Jahren Hilfsg\u00fcter und medizinische Ausr\u00fcstung nach Bulgarien, Moldawien, Rum\u00e4nien und in die Ukraine gebracht.<br \/>\nDadurch haben wir ein langj\u00e4hriges und erfahrenes Netzwerk vor Ort, mit dem es uns m\u00f6glich ist, den Menschen in der Ukraine die passende Hilfe \u2013 auch und gerade in der aktuellen Situation \u2013 zukommen zu lassen.<\/p>\n<p>&nbsp;<\/p>\n","protected":false},"featured_media":1626,"comment_status":"open","ping_status":"closed","template":"","meta":[],"product_brand":[],"product_cat":[16],"product_tag":[],"class_list":{"0":"post-1618","1":"product","2":"type-product","3":"status-publish","4":"has-post-thumbnail","6":"product_cat-gin","8":"first","9":"outofstock","10":"taxable","11":"shipping-taxable","12":"purchasable","13":"product-type-simple"},"jetpack_sharing_enabled":true,"_links":{"self":[{"href":"https:\/\/beaverscrown.de\/index.php\/wp-json\/wp\/v2\/product\/1618","targetHints":{"allow":["GET"]}}],"collection":[{"href":"https:\/\/beaverscrown.de\/index.php\/wp-json\/wp\/v2\/product"}],"about":[{"href":"https:\/\/beaverscrown.de\/index.php\/wp-json\/wp\/v2\/types\/product"}],"replies":[{"embeddable":true,"href":"https:\/\/beaverscrown.de\/index.php\/wp-json\/wp\/v2\/comments?post=1618"}],"wp:featuredmedia":[{"embeddable":true,"href":"https:\/\/beaverscrown.de\/index.php\/wp-json\/wp\/v2\/media\/1626"}],"wp:attachment":[{"href":"https:\/\/beaverscrown.de\/index.php\/wp-json\/wp\/v2\/media?parent=1618"}],"wp:term":[{"taxonomy":"product_brand","embeddable":true,"href":"https:\/\/beaverscrown.de\/index.php\/wp-json\/wp\/v2\/product_brand?post=1618"},{"taxonomy":"product_cat","embeddable":true,"href":"https:\/\/beaverscrown.de\/index.php\/wp-json\/wp\/v2\/product_cat?post=1618"},{"taxonomy":"product_tag","embeddable":true,"href":"https:\/\/beaverscrown.de\/index.php\/wp-json\/wp\/v2\/product_tag?post=1618"}],"curies":[{"name":"wp","href":"https:\/\/api.w.org\/{rel}","templated":true}]}}