{"id":77,"date":"2021-01-30T21:14:54","date_gmt":"2021-01-30T21:14:54","guid":{"rendered":"https:\/\/beaverscrown.de\/?page_id=77"},"modified":"2026-03-12T15:25:45","modified_gmt":"2026-03-12T14:25:45","slug":"partner","status":"publish","type":"page","link":"https:\/\/beaverscrown.de\/index.php\/partner\/","title":{"rendered":"vor Ort kaufen"},"content":{"rendered":"\n<h2 class=\"wp-block-heading\">Vertriebspartner<\/h2>\n\n\n\n<p>Ab sofort ist der Beaver&#8217;s Crown Gin auch lokal bei einem unserer Vertriebspartner erh\u00e4ltlich. Jetzt lokal kaufen und damit gemeinn\u00fctzige Projekte unterst\u00fctzen.<br><\/p>\n\n\n\n<p><\/p>\n\n\n\n<div class=\"wp-block-media-text alignwide is-stacked-on-mobile\" style=\"grid-template-columns:25% auto\"><figure class=\"wp-block-media-text__media\"><img data-recalc-dims=\"1\" loading=\"lazy\" decoding=\"async\" width=\"980\" height=\"713\" src=\"https:\/\/i0.wp.com\/beaverscrown.de\/wp-content\/uploads\/2021\/02\/Rewe_Engel.png?resize=980%2C713&#038;ssl=1\" alt=\"\" class=\"wp-image-808 size-full\" srcset=\"https:\/\/i0.wp.com\/beaverscrown.de\/wp-content\/uploads\/2021\/02\/Rewe_Engel.png?resize=1024%2C745&amp;ssl=1 1024w, https:\/\/i0.wp.com\/beaverscrown.de\/wp-content\/uploads\/2021\/02\/Rewe_Engel.png?resize=300%2C218&amp;ssl=1 300w, https:\/\/i0.wp.com\/beaverscrown.de\/wp-content\/uploads\/2021\/02\/Rewe_Engel.png?resize=768%2C559&amp;ssl=1 768w, https:\/\/i0.wp.com\/beaverscrown.de\/wp-content\/uploads\/2021\/02\/Rewe_Engel.png?resize=1536%2C1117&amp;ssl=1 1536w, https:\/\/i0.wp.com\/beaverscrown.de\/wp-content\/uploads\/2021\/02\/Rewe_Engel.png?resize=2048%2C1490&amp;ssl=1 2048w, https:\/\/i0.wp.com\/beaverscrown.de\/wp-content\/uploads\/2021\/02\/Rewe_Engel.png?resize=324%2C236&amp;ssl=1 324w, https:\/\/i0.wp.com\/beaverscrown.de\/wp-content\/uploads\/2021\/02\/Rewe_Engel.png?resize=416%2C303&amp;ssl=1 416w, https:\/\/i0.wp.com\/beaverscrown.de\/wp-content\/uploads\/2021\/02\/Rewe_Engel.png?w=1960&amp;ssl=1 1960w\" sizes=\"auto, (max-width: 980px) 100vw, 980px\" \/><\/figure><div class=\"wp-block-media-text__content\">\n<p class=\"has-large-font-size\"><strong>REWE Familie Engel<\/strong> \/ Viele reden von regional \u2013 Wir leben LOKAL \/ Biberach <\/p>\n\n\n\n<p>Riedlinger Stra\u00dfe 201 \/ 88400&nbsp;Biberach an der Riss<\/p>\n\n\n\n<p><a href=\"https:\/\/rewe-familie-engel.de\/\" target=\"_blank\" rel=\"noreferrer noopener\">www.rewe-familie-engel.de<\/a><\/p>\n<\/div><\/div>\n\n\n\n<div style=\"height:40px\" aria-hidden=\"true\" class=\"wp-block-spacer\"><\/div>\n\n\n\n<div class=\"wp-block-media-text alignwide is-stacked-on-mobile\" style=\"grid-template-columns:30% auto\"><figure class=\"wp-block-media-text__media\"><img data-recalc-dims=\"1\" loading=\"lazy\" decoding=\"async\" width=\"494\" height=\"343\" src=\"https:\/\/i0.wp.com\/beaverscrown.de\/wp-content\/uploads\/2021\/03\/gutesvonhier-1.png?resize=494%2C343&#038;ssl=1\" alt=\"\" class=\"wp-image-859 size-full\" srcset=\"https:\/\/i0.wp.com\/beaverscrown.de\/wp-content\/uploads\/2021\/03\/gutesvonhier-1.png?w=494&amp;ssl=1 494w, https:\/\/i0.wp.com\/beaverscrown.de\/wp-content\/uploads\/2021\/03\/gutesvonhier-1.png?resize=300%2C208&amp;ssl=1 300w, https:\/\/i0.wp.com\/beaverscrown.de\/wp-content\/uploads\/2021\/03\/gutesvonhier-1.png?resize=324%2C225&amp;ssl=1 324w, https:\/\/i0.wp.com\/beaverscrown.de\/wp-content\/uploads\/2021\/03\/gutesvonhier-1.png?resize=416%2C289&amp;ssl=1 416w\" sizes=\"auto, (max-width: 494px) 100vw, 494px\" \/><\/figure><div class=\"wp-block-media-text__content\">\n<p class=\"has-large-font-size\"><strong>Gutes von hier<\/strong> \/ Regionale Speisekammer und Geschenkmanufaktur \/ Biberach <\/p>\n\n\n\n<p>B\u00fcrgerturmstr. 15 \/ 88400&nbsp;Biberach an der Riss<\/p>\n\n\n\n<p><a href=\"https:\/\/www.gutesvonhier.de\/\" target=\"_blank\" rel=\"noreferrer noopener\">www.gutesvonhier.de\/<\/a><\/p>\n<\/div><\/div>\n\n\n\n<div style=\"height:40px\" aria-hidden=\"true\" class=\"wp-block-spacer\"><\/div>\n\n\n\n<div class=\"wp-block-media-text alignwide is-stacked-on-mobile\" style=\"grid-template-columns:20% auto\"><figure class=\"wp-block-media-text__media\"><img data-recalc-dims=\"1\" loading=\"lazy\" decoding=\"async\" width=\"259\" height=\"54\" src=\"https:\/\/i0.wp.com\/beaverscrown.de\/wp-content\/uploads\/2021\/03\/logo-ran%402x.png?resize=259%2C54&#038;ssl=1\" alt=\"\" class=\"wp-image-1197 size-full\"\/><\/figure><div class=\"wp-block-media-text__content\">\n<p class=\"has-large-font-size\"><strong>RAN Station Biberach <\/strong>\/ Ihre RAN-Station in Biberach &#8211; mehr als Tanken! \/ Biberach <\/p>\n\n\n\n<p>Hans-Liebherr-Str. 5  \/ 88400 Biberach an der Riss<\/p>\n\n\n\n<p><a href=\"https:\/\/www.ran-tankstellen.de\/tankstelle-biberach\/\" target=\"_blank\" rel=\"noreferrer noopener\">www.ran-tankstellen.de <\/a><\/p>\n<\/div><\/div>\n\n\n\n<div style=\"height:40px\" aria-hidden=\"true\" class=\"wp-block-spacer\"><\/div>\n\n\n\n<div class=\"wp-block-media-text alignwide is-stacked-on-mobile\" style=\"grid-template-columns:20% auto\"><figure class=\"wp-block-media-text__media\"><img data-recalc-dims=\"1\" loading=\"lazy\" decoding=\"async\" width=\"538\" height=\"420\" src=\"https:\/\/i0.wp.com\/beaverscrown.de\/wp-content\/uploads\/2026\/03\/vf-logo-rebrand.png?resize=538%2C420&#038;ssl=1\" alt=\"\" class=\"wp-image-2619 size-full\" srcset=\"https:\/\/i0.wp.com\/beaverscrown.de\/wp-content\/uploads\/2026\/03\/vf-logo-rebrand.png?w=538&amp;ssl=1 538w, https:\/\/i0.wp.com\/beaverscrown.de\/wp-content\/uploads\/2026\/03\/vf-logo-rebrand.png?resize=300%2C234&amp;ssl=1 300w, https:\/\/i0.wp.com\/beaverscrown.de\/wp-content\/uploads\/2026\/03\/vf-logo-rebrand.png?resize=324%2C253&amp;ssl=1 324w, https:\/\/i0.wp.com\/beaverscrown.de\/wp-content\/uploads\/2026\/03\/vf-logo-rebrand.png?resize=416%2C325&amp;ssl=1 416w\" sizes=\"auto, (max-width: 538px) 100vw, 538px\" \/><\/figure><div class=\"wp-block-media-text__content\">\n<p class=\"has-large-font-size\">vomFass Biberach<\/p>\n\n\n\n<p>Marktplatz 22 \/ 88400&nbsp;Biberach an der Riss<\/p>\n\n\n\n<p><a href=\"https:\/\/www.vomfass.de\/biberach\">https:\/\/www.vomfass.de\/biberach<\/a><\/p>\n<\/div><\/div>\n\n\n\n<div style=\"height:40px\" aria-hidden=\"true\" class=\"wp-block-spacer\"><\/div>\n\n\n\n<div class=\"wp-block-media-text alignwide is-stacked-on-mobile\" style=\"grid-template-columns:20% auto\"><figure class=\"wp-block-media-text__media\"><img data-recalc-dims=\"1\" loading=\"lazy\" decoding=\"async\" width=\"227\" height=\"274\" src=\"https:\/\/i0.wp.com\/beaverscrown.de\/wp-content\/uploads\/2023\/12\/Herunterladen.jpg?resize=227%2C274&#038;ssl=1\" alt=\"\" class=\"wp-image-2159 size-full\"\/><\/figure><div class=\"wp-block-media-text__content\">\n<p class=\"has-large-font-size\"><strong>EDEKA Markt Schmid<\/strong> \/ Karl Schmid e.K. Biberach <\/p>\n\n\n\n<p>Telawiallee 4 \/ 88400&nbsp;Biberach an der Riss<\/p>\n\n\n\n<p><a href=\"https:\/\/www.edeka.de\/eh\/s%C3%BCdwest\/edeka-schmid-telawiallee-4\/index.jsp\">www.edeka.de\/schmid<\/a><\/p>\n<\/div><\/div>\n\n\n\n<div style=\"height:40px\" aria-hidden=\"true\" class=\"wp-block-spacer\"><\/div>\n\n\n\n<div class=\"wp-block-media-text alignwide is-stacked-on-mobile\" style=\"grid-template-columns:25% auto\"><figure class=\"wp-block-media-text__media\"><img data-recalc-dims=\"1\" loading=\"lazy\" decoding=\"async\" width=\"977\" height=\"714\" src=\"https:\/\/i0.wp.com\/beaverscrown.de\/wp-content\/uploads\/2021\/03\/Rewe_Sabo.jpg?resize=977%2C714&#038;ssl=1\" alt=\"\" class=\"wp-image-842 size-full\" srcset=\"https:\/\/i0.wp.com\/beaverscrown.de\/wp-content\/uploads\/2021\/03\/Rewe_Sabo.jpg?w=977&amp;ssl=1 977w, https:\/\/i0.wp.com\/beaverscrown.de\/wp-content\/uploads\/2021\/03\/Rewe_Sabo.jpg?resize=300%2C219&amp;ssl=1 300w, https:\/\/i0.wp.com\/beaverscrown.de\/wp-content\/uploads\/2021\/03\/Rewe_Sabo.jpg?resize=768%2C561&amp;ssl=1 768w, https:\/\/i0.wp.com\/beaverscrown.de\/wp-content\/uploads\/2021\/03\/Rewe_Sabo.jpg?resize=324%2C237&amp;ssl=1 324w, https:\/\/i0.wp.com\/beaverscrown.de\/wp-content\/uploads\/2021\/03\/Rewe_Sabo.jpg?resize=416%2C304&amp;ssl=1 416w\" sizes=\"auto, (max-width: 977px) 100vw, 977px\" \/><\/figure><div class=\"wp-block-media-text__content\">\n<p class=\"has-large-font-size\"><strong>REWE Familie Sabo<\/strong> \/ \u201eDein Rewe-Markt\u201c im Herzen Biberachs \/ Biberach <\/p>\n\n\n\n<p>Eisenbahnstra\u00dfe 9-11 \/ 88400&nbsp;Biberach an der Riss<\/p>\n\n\n\n<p><a href=\"https:\/\/www.rewe.de\/marktseite\/biberach-an-der-riss-stadt\/565932\/rewe-markt-eisenbahnstrasse-9-11\/?ecid=seo_localseo_565932_otherpublisher_nn_nn_nn_nn_nn&amp;fbclid=IwAR0Iry9ITDxpSQL8iw99jd0svU1Hsg21E11exySz16yRZxjY6SPrYky1T9U\" target=\"_blank\" rel=\"noreferrer noopener\">www.rewe.de<\/a><\/p>\n<\/div><\/div>\n\n\n\n<div style=\"height:40px\" aria-hidden=\"true\" class=\"wp-block-spacer\"><\/div>\n\n\n\n<div class=\"wp-block-media-text alignwide is-stacked-on-mobile\" style=\"grid-template-columns:25% auto\"><figure class=\"wp-block-media-text__media\"><img data-recalc-dims=\"1\" loading=\"lazy\" decoding=\"async\" width=\"757\" height=\"522\" src=\"https:\/\/i0.wp.com\/beaverscrown.de\/wp-content\/uploads\/2021\/02\/Ginfern_klein.jpg?resize=757%2C522&#038;ssl=1\" alt=\"\" class=\"wp-image-451 size-full\" srcset=\"https:\/\/i0.wp.com\/beaverscrown.de\/wp-content\/uploads\/2021\/02\/Ginfern_klein.jpg?w=757&amp;ssl=1 757w, https:\/\/i0.wp.com\/beaverscrown.de\/wp-content\/uploads\/2021\/02\/Ginfern_klein.jpg?resize=300%2C207&amp;ssl=1 300w, https:\/\/i0.wp.com\/beaverscrown.de\/wp-content\/uploads\/2021\/02\/Ginfern_klein.jpg?resize=324%2C223&amp;ssl=1 324w, https:\/\/i0.wp.com\/beaverscrown.de\/wp-content\/uploads\/2021\/02\/Ginfern_klein.jpg?resize=416%2C287&amp;ssl=1 416w\" sizes=\"auto, (max-width: 757px) 100vw, 757px\" \/><\/figure><div class=\"wp-block-media-text__content\">\n<p class=\"has-large-font-size\"><strong>GINferno<\/strong> \/ Die ganze Welt des Gins als App \/ Biberach<\/p>\n\n\n\n<p>88400&nbsp;Biberach an der Riss <\/p>\n\n\n\n<p><a href=\"https:\/\/ginferno.app\/\" target=\"_blank\" rel=\"noreferrer noopener\">www.ginferno.app<\/a><\/p>\n<\/div><\/div>\n\n\n\n<div style=\"height:40px\" aria-hidden=\"true\" class=\"wp-block-spacer\"><\/div>\n\n\n\n<div class=\"wp-block-media-text alignwide is-stacked-on-mobile\" style=\"grid-template-columns:20% auto\"><figure class=\"wp-block-media-text__media\"><img data-recalc-dims=\"1\" loading=\"lazy\" decoding=\"async\" width=\"250\" height=\"75\" src=\"https:\/\/i0.wp.com\/beaverscrown.de\/wp-content\/uploads\/2021\/06\/KnollArtLogokl.png?resize=250%2C75&#038;ssl=1\" alt=\"\" class=\"wp-image-1324 size-full\"\/><\/figure><div class=\"wp-block-media-text__content\">\n<p class=\"has-large-font-size\"><strong>Galerie KNOLL.art<\/strong> \/ &nbsp;Weinhandel DiVini &#8211; Thomas Knoll \/ Warthausen <\/p>\n\n\n\n<p>R\u00f6merweg 19 \/ 88447 Warthausen<\/p>\n\n\n\n<p><a href=\"http:\/\/www.knoll-art.de\/\">www.knoll-art.de\/<\/a><\/p>\n<\/div><\/div>\n\n\n\n<div style=\"height:40px\" aria-hidden=\"true\" class=\"wp-block-spacer\"><\/div>\n\n\n\n<div class=\"wp-block-media-text alignwide is-stacked-on-mobile\" style=\"grid-template-columns:25% auto\"><figure class=\"wp-block-media-text__media\"><img data-recalc-dims=\"1\" loading=\"lazy\" decoding=\"async\" width=\"883\" height=\"600\" src=\"https:\/\/i0.wp.com\/beaverscrown.de\/wp-content\/uploads\/2021\/03\/weinhalt3.jpg?resize=883%2C600&#038;ssl=1\" alt=\"\" class=\"wp-image-844 size-full\" srcset=\"https:\/\/i0.wp.com\/beaverscrown.de\/wp-content\/uploads\/2021\/03\/weinhalt3.jpg?w=883&amp;ssl=1 883w, https:\/\/i0.wp.com\/beaverscrown.de\/wp-content\/uploads\/2021\/03\/weinhalt3.jpg?resize=300%2C204&amp;ssl=1 300w, https:\/\/i0.wp.com\/beaverscrown.de\/wp-content\/uploads\/2021\/03\/weinhalt3.jpg?resize=768%2C522&amp;ssl=1 768w, https:\/\/i0.wp.com\/beaverscrown.de\/wp-content\/uploads\/2021\/03\/weinhalt3.jpg?resize=324%2C220&amp;ssl=1 324w, https:\/\/i0.wp.com\/beaverscrown.de\/wp-content\/uploads\/2021\/03\/weinhalt3.jpg?resize=416%2C283&amp;ssl=1 416w\" sizes=\"auto, (max-width: 883px) 100vw, 883px\" \/><\/figure><div class=\"wp-block-media-text__content\">\n<p class=\"has-large-font-size\"><strong>Weinhalt<\/strong> \/ Die Weinhandlung am Weberberg \/ Biberach <\/p>\n\n\n\n<p>Engelgasse 8 \/ 88400&nbsp;Biberach an der Riss<\/p>\n\n\n\n<p><a href=\"https:\/\/www.weinhalt.de\/\" target=\"_blank\" rel=\"noreferrer noopener\">www.weinhalt.net<\/a><\/p>\n<\/div><\/div>\n\n\n\n<div style=\"height:40px\" aria-hidden=\"true\" class=\"wp-block-spacer\"><\/div>\n\n\n\n<div class=\"wp-block-media-text alignwide is-stacked-on-mobile\" style=\"grid-template-columns:25% auto\"><figure class=\"wp-block-media-text__media\"><img data-recalc-dims=\"1\" loading=\"lazy\" decoding=\"async\" width=\"218\" height=\"138\" src=\"https:\/\/i0.wp.com\/beaverscrown.de\/wp-content\/uploads\/2021\/03\/Weinzentrale.png?resize=218%2C138&#038;ssl=1\" alt=\"\" class=\"wp-image-881 size-full\"\/><\/figure><div class=\"wp-block-media-text__content\">\n<p class=\"has-large-font-size\"><strong>Weinzentrale Eberle<\/strong> \/ Besondere Weine, Schaumweine &amp; Spirituosen aus aller Welt \/ Laupheim <\/p>\n\n\n\n<p>Berblingerstr. 20 \/ 88471 Laupheim<\/p>\n\n\n\n<p><a href=\"https:\/\/www.weinzentrale.de\/\" target=\"_blank\" rel=\"noreferrer noopener\">www.weinzentrale.de<\/a><\/p>\n<\/div><\/div>\n\n\n\n<div style=\"height:40px\" aria-hidden=\"true\" class=\"wp-block-spacer\"><\/div>\n\n\n\n<div class=\"wp-block-media-text alignwide is-stacked-on-mobile\" style=\"grid-template-columns:30% auto\"><figure class=\"wp-block-media-text__media\"><img data-recalc-dims=\"1\" loading=\"lazy\" decoding=\"async\" width=\"980\" height=\"654\" src=\"https:\/\/i0.wp.com\/beaverscrown.de\/wp-content\/uploads\/2021\/01\/other-small.jpg?resize=980%2C654&#038;ssl=1\" alt=\"\" class=\"wp-image-57 size-full\" srcset=\"https:\/\/i0.wp.com\/beaverscrown.de\/wp-content\/uploads\/2021\/01\/other-small.jpg?resize=1024%2C683&amp;ssl=1 1024w, https:\/\/i0.wp.com\/beaverscrown.de\/wp-content\/uploads\/2021\/01\/other-small.jpg?resize=300%2C200&amp;ssl=1 300w, https:\/\/i0.wp.com\/beaverscrown.de\/wp-content\/uploads\/2021\/01\/other-small.jpg?resize=768%2C512&amp;ssl=1 768w, https:\/\/i0.wp.com\/beaverscrown.de\/wp-content\/uploads\/2021\/01\/other-small.jpg?resize=1536%2C1024&amp;ssl=1 1536w, https:\/\/i0.wp.com\/beaverscrown.de\/wp-content\/uploads\/2021\/01\/other-small.jpg?resize=324%2C216&amp;ssl=1 324w, https:\/\/i0.wp.com\/beaverscrown.de\/wp-content\/uploads\/2021\/01\/other-small.jpg?resize=416%2C277&amp;ssl=1 416w, https:\/\/i0.wp.com\/beaverscrown.de\/wp-content\/uploads\/2021\/01\/other-small.jpg?w=1920&amp;ssl=1 1920w\" sizes=\"auto, (max-width: 980px) 100vw, 980px\" \/><\/figure><div class=\"wp-block-media-text__content\">\n<p class=\"has-large-font-size\"><strong>Hier k\u00f6nntest Du stehen!<\/strong>\/ Wir suchen Vertriebspartner \/ z.B. in Biberach an der Ri\u00df <\/p>\n\n\n\n<p>Du m\u00f6chtest Vertriebspartner werden? Dann melde dich bitte unter <a href=\"mailto:info@beaverscrown.de\" target=\"_blank\" rel=\"noreferrer noopener\">info@beaverscrown.de<\/a><\/p>\n\n\n\n<p>www.hierk\u00f6nntedeineWebsiteverlinktsein.com\/<\/p>\n<\/div><\/div>\n\n\n\n<p><\/p>\n","protected":false},"excerpt":{"rendered":"<p>Vertriebspartner Ab sofort ist der Beaver&#8217;s Crown Gin auch lokal bei einem unserer Vertriebspartner erh\u00e4ltlich. Jetzt lokal kaufen und damit gemeinn\u00fctzige Projekte unterst\u00fctzen. REWE Familie Engel \/ Viele reden von regional \u2013 Wir leben LOKAL \/ Biberach Riedlinger Stra\u00dfe 201 \/ 88400&nbsp;Biberach an der Riss www.rewe-familie-engel.de Gutes von hier \/ Regionale Speisekammer und Geschenkmanufaktur \/ [&hellip;]<\/p>\n","protected":false},"author":1,"featured_media":0,"parent":0,"menu_order":0,"comment_status":"closed","ping_status":"closed","template":"template-fullwidth.php","meta":{"footnotes":""},"class_list":["post-77","page","type-page","status-publish","hentry"],"jetpack_sharing_enabled":true,"_links":{"self":[{"href":"https:\/\/beaverscrown.de\/index.php\/wp-json\/wp\/v2\/pages\/77","targetHints":{"allow":["GET"]}}],"collection":[{"href":"https:\/\/beaverscrown.de\/index.php\/wp-json\/wp\/v2\/pages"}],"about":[{"href":"https:\/\/beaverscrown.de\/index.php\/wp-json\/wp\/v2\/types\/page"}],"author":[{"embeddable":true,"href":"https:\/\/beaverscrown.de\/index.php\/wp-json\/wp\/v2\/users\/1"}],"replies":[{"embeddable":true,"href":"https:\/\/beaverscrown.de\/index.php\/wp-json\/wp\/v2\/comments?post=77"}],"version-history":[{"count":35,"href":"https:\/\/beaverscrown.de\/index.php\/wp-json\/wp\/v2\/pages\/77\/revisions"}],"predecessor-version":[{"id":2627,"href":"https:\/\/beaverscrown.de\/index.php\/wp-json\/wp\/v2\/pages\/77\/revisions\/2627"}],"wp:attachment":[{"href":"https:\/\/beaverscrown.de\/index.php\/wp-json\/wp\/v2\/media?parent=77"}],"curies":[{"name":"wp","href":"https:\/\/api.w.org\/{rel}","templated":true}]}}