{"id":2404,"date":"2025-05-07T11:21:02","date_gmt":"2025-05-07T10:21:02","guid":{"rendered":"https:\/\/beaverscrown.de\/?page_id=2404"},"modified":"2025-06-03T19:57:55","modified_gmt":"2025-06-03T18:57:55","slug":"schuetzen-edition-2025","status":"publish","type":"page","link":"https:\/\/beaverscrown.de\/index.php\/schuetzen-edition-2025\/","title":{"rendered":"Sch\u00fctzenedition 2025"},"content":{"rendered":"\n<p>Wie bereits bei der Beaver\u2019s Crown-Edition steht auch der diesj\u00e4hrige Sch\u00fctzen Gin ganz im Zeichen der Wohlt\u00e4tigkeit. Die abgebildeten Kunstobjekte werden am 29. Juni bei der Ausstellungser\u00f6ffnung \u201eBerge\u201c in Oberh\u00f6fen versteigert.<\/p>\n\n\n\n<p>Der Erl\u00f6s aus der Versteigerung sowie der Verkauf der Edition flie\u00dfen in regionale Projekte in unserer Umgebung. <\/p>\n\n\n\n<div class=\"wp-block-columns is-layout-flex wp-container-core-columns-is-layout-28f84493 wp-block-columns-is-layout-flex\">\n<div class=\"wp-block-column is-layout-flow wp-block-column-is-layout-flow\" style=\"flex-basis:100%\">\n<figure class=\"wp-block-image size-large is-resized is-style-rounded\"><img data-recalc-dims=\"1\" loading=\"lazy\" decoding=\"async\" width=\"683\" height=\"1024\" src=\"https:\/\/i0.wp.com\/beaverscrown.de\/wp-content\/uploads\/2025\/06\/P6030399.jpg?resize=683%2C1024&#038;ssl=1\" alt=\"\" class=\"wp-image-2444\" style=\"width:638px;height:auto\" srcset=\"https:\/\/i0.wp.com\/beaverscrown.de\/wp-content\/uploads\/2025\/06\/P6030399-scaled.jpg?resize=683%2C1024&amp;ssl=1 683w, https:\/\/i0.wp.com\/beaverscrown.de\/wp-content\/uploads\/2025\/06\/P6030399-scaled.jpg?resize=200%2C300&amp;ssl=1 200w, https:\/\/i0.wp.com\/beaverscrown.de\/wp-content\/uploads\/2025\/06\/P6030399-scaled.jpg?resize=768%2C1152&amp;ssl=1 768w, https:\/\/i0.wp.com\/beaverscrown.de\/wp-content\/uploads\/2025\/06\/P6030399-scaled.jpg?resize=1024%2C1536&amp;ssl=1 1024w, https:\/\/i0.wp.com\/beaverscrown.de\/wp-content\/uploads\/2025\/06\/P6030399-scaled.jpg?resize=1365%2C2048&amp;ssl=1 1365w, https:\/\/i0.wp.com\/beaverscrown.de\/wp-content\/uploads\/2025\/06\/P6030399-scaled.jpg?resize=324%2C486&amp;ssl=1 324w, https:\/\/i0.wp.com\/beaverscrown.de\/wp-content\/uploads\/2025\/06\/P6030399-scaled.jpg?resize=416%2C624&amp;ssl=1 416w, https:\/\/i0.wp.com\/beaverscrown.de\/wp-content\/uploads\/2025\/06\/P6030399-scaled.jpg?w=1707&amp;ssl=1 1707w\" sizes=\"auto, (max-width: 683px) 100vw, 683px\" \/><\/figure>\n<\/div>\n<\/div>\n\n\n\n<p>Zus\u00e4tzlich hat der K\u00fcnstler Willi Siber eine streng limitierte Sonderedition unseres Sch\u00fctzen Gins gestaltet: Die Flaschen wurden von ihm in den Farben des Etiketts und inspiriert von seinen Skulpturen mit Epoxidharz veredelt. Die exklusive Edition ist nur hier in unserem Onlineshop erh\u00e4ltlich.&nbsp;<\/p>\n\n\n\n<p>Der direkte Link zum Produkt: <br><a href=\"https:\/\/beaverscrown.de\/index.php\/product\/beavers-crown-gin-schuetzenedition-2025\/\">https:\/\/beaverscrown.de\/index.php\/product\/beavers-crown-gin-schuetzenedition-2025\/<\/a><\/p>\n\n\n\n<p><span style=\"font-size: revert;\">Tipp: \u00dcber unsere Aktion \u201eLos, mach was!\u201c k\u00f6nnt ihr einmal j\u00e4hrlich eine Spendenanfrage f\u00fcr ein Herzensprojekt bei uns einreichen. <\/span><\/p>\n\n\n<div class=\"wp-block-image\">\n<figure class=\"aligncenter size-full is-resized\"><img data-recalc-dims=\"1\" loading=\"lazy\" decoding=\"async\" width=\"568\" height=\"675\" src=\"https:\/\/i0.wp.com\/beaverscrown.de\/wp-content\/uploads\/2025\/06\/Bild-Etikette-Schuetzenedition-2025.jpg?resize=568%2C675&#038;ssl=1\" alt=\"Das von Willi Siber designete Kunstwerk ziehrt das Eitekette der Sch\u00fctzenedition 2025\" class=\"wp-image-2419\" style=\"width:252px;height:auto\" srcset=\"https:\/\/i0.wp.com\/beaverscrown.de\/wp-content\/uploads\/2025\/06\/Bild-Etikette-Schuetzenedition-2025.jpg?w=568&amp;ssl=1 568w, https:\/\/i0.wp.com\/beaverscrown.de\/wp-content\/uploads\/2025\/06\/Bild-Etikette-Schuetzenedition-2025.jpg?resize=252%2C300&amp;ssl=1 252w, https:\/\/i0.wp.com\/beaverscrown.de\/wp-content\/uploads\/2025\/06\/Bild-Etikette-Schuetzenedition-2025.jpg?resize=324%2C385&amp;ssl=1 324w, https:\/\/i0.wp.com\/beaverscrown.de\/wp-content\/uploads\/2025\/06\/Bild-Etikette-Schuetzenedition-2025.jpg?resize=416%2C494&amp;ssl=1 416w\" sizes=\"auto, (max-width: 568px) 100vw, 568px\" \/><\/figure>\n<\/div>\n\n\n<p><span style=\"font-size: revert;\">Warum diese Kl\u00f6tze? Die verwendeten Bausteine sind eine Hommage an das Projekt \u201e1.000 Bausteine f\u00fcr die Hospizstiftung Biberach\u201c. Jeder einzelne Klotz wurde von Willi Siber von Hand mit Epoxidharz gestaltet \u2013 als Teil eines beeindruckenden Kunst- und Spendenprojekts zugunsten des Hospiz Haus Maria in Biberach. Bei dieser Aktion konnten insgesamt 75.000 Euro gesammelt werden \u2013 ein starkes Zeichen f\u00fcr Solidarit\u00e4t, Engagement und Kunst mit Wirkung.<\/span><\/p>\n\n\n\n<div class=\"wp-block-columns is-layout-flex wp-container-core-columns-is-layout-28f84493 wp-block-columns-is-layout-flex\">\n<div class=\"wp-block-column is-layout-flow wp-block-column-is-layout-flow\" style=\"flex-basis:100%\"><\/div>\n<\/div>\n","protected":false},"excerpt":{"rendered":"<p>Wie bereits bei der Beaver\u2019s Crown-Edition steht auch der diesj\u00e4hrige Sch\u00fctzen Gin ganz im Zeichen der Wohlt\u00e4tigkeit. Die abgebildeten Kunstobjekte werden am 29. Juni bei der Ausstellungser\u00f6ffnung \u201eBerge\u201c in Oberh\u00f6fen versteigert. Der Erl\u00f6s aus der Versteigerung sowie der Verkauf der Edition flie\u00dfen in regionale Projekte in unserer Umgebung. Zus\u00e4tzlich hat der K\u00fcnstler Willi Siber eine [&hellip;]<\/p>\n","protected":false},"author":1,"featured_media":0,"parent":0,"menu_order":0,"comment_status":"closed","ping_status":"closed","template":"","meta":{"footnotes":""},"class_list":["post-2404","page","type-page","status-publish","hentry"],"jetpack_sharing_enabled":true,"_links":{"self":[{"href":"https:\/\/beaverscrown.de\/index.php\/wp-json\/wp\/v2\/pages\/2404","targetHints":{"allow":["GET"]}}],"collection":[{"href":"https:\/\/beaverscrown.de\/index.php\/wp-json\/wp\/v2\/pages"}],"about":[{"href":"https:\/\/beaverscrown.de\/index.php\/wp-json\/wp\/v2\/types\/page"}],"author":[{"embeddable":true,"href":"https:\/\/beaverscrown.de\/index.php\/wp-json\/wp\/v2\/users\/1"}],"replies":[{"embeddable":true,"href":"https:\/\/beaverscrown.de\/index.php\/wp-json\/wp\/v2\/comments?post=2404"}],"version-history":[{"count":6,"href":"https:\/\/beaverscrown.de\/index.php\/wp-json\/wp\/v2\/pages\/2404\/revisions"}],"predecessor-version":[{"id":2448,"href":"https:\/\/beaverscrown.de\/index.php\/wp-json\/wp\/v2\/pages\/2404\/revisions\/2448"}],"wp:attachment":[{"href":"https:\/\/beaverscrown.de\/index.php\/wp-json\/wp\/v2\/media?parent=2404"}],"curies":[{"name":"wp","href":"https:\/\/api.w.org\/{rel}","templated":true}]}}